{"id":505,"date":"2024-03-01T23:43:23","date_gmt":"2024-03-01T22:43:23","guid":{"rendered":"https:\/\/perfumesdetentacion.com\/?page_id=505"},"modified":"2024-03-23T15:11:27","modified_gmt":"2024-03-23T14:11:27","slug":"ambientadores-mikados","status":"publish","type":"page","link":"https:\/\/perfumesdetentacion.com\/index.php\/ambientadores-mikados\/","title":{"rendered":"Ambientadores"},"content":{"rendered":"\t\t<div data-elementor-type=\"wp-page\" data-elementor-id=\"505\" class=\"elementor elementor-505\" data-elementor-post-type=\"page\">\n\t\t\t\t<div class=\"elementor-element elementor-element-8f3d9e9 e-con-full e-flex e-con e-parent\" data-id=\"8f3d9e9\" data-element_type=\"container\" data-e-type=\"container\">\n\t\t\t\t<div class=\"elementor-element elementor-element-bcac33e elementor-widget elementor-widget-spacer\" data-id=\"bcac33e\" data-element_type=\"widget\" data-e-type=\"widget\" data-widget_type=\"spacer.default\">\n\t\t\t\t<div class=\"elementor-widget-container\">\n\t\t\t\t\t\t\t<div class=\"elementor-spacer\">\n\t\t\t<div class=\"elementor-spacer-inner\"><\/div>\n\t\t<\/div>\n\t\t\t\t\t\t<\/div>\n\t\t\t\t<\/div>\n\t\t\t\t<div class=\"elementor-element elementor-element-e30217a elementor-widget elementor-widget-heading\" data-id=\"e30217a\" data-element_type=\"widget\" data-e-type=\"widget\" data-widget_type=\"heading.default\">\n\t\t\t\t<div class=\"elementor-widget-container\">\n\t\t\t\t\t<h2 class=\"elementor-heading-title elementor-size-default\">Ambientadores<\/h2>\t\t\t\t<\/div>\n\t\t\t\t<\/div>\n\t\t\t\t<div class=\"elementor-element elementor-element-8552dbb elementor-widget elementor-widget-spacer\" data-id=\"8552dbb\" data-element_type=\"widget\" data-e-type=\"widget\" data-widget_type=\"spacer.default\">\n\t\t\t\t<div class=\"elementor-widget-container\">\n\t\t\t\t\t\t\t<div class=\"elementor-spacer\">\n\t\t\t<div class=\"elementor-spacer-inner\"><\/div>\n\t\t<\/div>\n\t\t\t\t\t\t<\/div>\n\t\t\t\t<\/div>\n\t\t\t\t<\/div>\n\t\t<div class=\"elementor-element elementor-element-ca1a3d6 e-flex e-con-boxed e-con e-parent\" data-id=\"ca1a3d6\" data-element_type=\"container\" data-e-type=\"container\">\n\t\t\t\t\t<div class=\"e-con-inner\">\n\t\t\t\t<div class=\"elementor-element elementor-element-b25fc1c elementor-widget elementor-widget-image\" data-id=\"b25fc1c\" data-element_type=\"widget\" data-e-type=\"widget\" data-widget_type=\"image.default\">\n\t\t\t\t<div class=\"elementor-widget-container\">\n\t\t\t\t\t\t\t\t\t\t\t\t\t\t\t\t<a href=\"https:\/\/perfumesdetentacion.com\/index.php\/categoria-producto\/mikados\/\">\n\t\t\t\t\t\t\t<img fetchpriority=\"high\" decoding=\"async\" width=\"785\" height=\"717\" src=\"https:\/\/perfumesdetentacion.com\/wp-content\/uploads\/2024\/03\/poner-buena-rosa-1.jpg\" class=\"attachment-large size-large wp-image-468\" alt=\"\" srcset=\"https:\/\/perfumesdetentacion.com\/wp-content\/uploads\/2024\/03\/poner-buena-rosa-1.jpg 785w, https:\/\/perfumesdetentacion.com\/wp-content\/uploads\/2024\/03\/poner-buena-rosa-1-600x548.jpg 600w, https:\/\/perfumesdetentacion.com\/wp-content\/uploads\/2024\/03\/poner-buena-rosa-1-300x274.jpg 300w, https:\/\/perfumesdetentacion.com\/wp-content\/uploads\/2024\/03\/poner-buena-rosa-1-768x701.jpg 768w\" sizes=\"(max-width: 785px) 100vw, 785px\" \/>\t\t\t\t\t\t\t\t<\/a>\n\t\t\t\t\t\t\t\t\t\t\t\t\t\t\t<\/div>\n\t\t\t\t<\/div>\n\t\t\t\t<div class=\"elementor-element elementor-element-1fb408c elementor-widget elementor-widget-image\" data-id=\"1fb408c\" data-element_type=\"widget\" data-e-type=\"widget\" data-widget_type=\"image.default\">\n\t\t\t\t<div class=\"elementor-widget-container\">\n\t\t\t\t\t\t\t\t\t\t\t\t\t\t\t\t<a href=\"https:\/\/perfumesdetentacion.com\/index.php\/categoria-producto\/mikados\/\">\n\t\t\t\t\t\t\t<img decoding=\"async\" width=\"812\" height=\"480\" src=\"https:\/\/perfumesdetentacion.com\/wp-content\/uploads\/2024\/03\/scent-1059419__480.jpg\" class=\"attachment-large size-large wp-image-869\" alt=\"\" srcset=\"https:\/\/perfumesdetentacion.com\/wp-content\/uploads\/2024\/03\/scent-1059419__480.jpg 812w, https:\/\/perfumesdetentacion.com\/wp-content\/uploads\/2024\/03\/scent-1059419__480-300x177.jpg 300w, https:\/\/perfumesdetentacion.com\/wp-content\/uploads\/2024\/03\/scent-1059419__480-768x454.jpg 768w, https:\/\/perfumesdetentacion.com\/wp-content\/uploads\/2024\/03\/scent-1059419__480-600x355.jpg 600w\" sizes=\"(max-width: 812px) 100vw, 812px\" \/>\t\t\t\t\t\t\t\t<\/a>\n\t\t\t\t\t\t\t\t\t\t\t\t\t\t\t<\/div>\n\t\t\t\t<\/div>\n\t\t\t\t\t<\/div>\n\t\t\t\t<\/div>\n\t\t<div class=\"elementor-element elementor-element-0ece3d6 e-flex e-con-boxed e-con e-parent\" data-id=\"0ece3d6\" data-element_type=\"container\" data-e-type=\"container\">\n\t\t\t\t\t<div class=\"e-con-inner\">\n\t\t\t\t<div class=\"elementor-element elementor-element-381638c elementor-widget elementor-widget-spacer\" data-id=\"381638c\" data-element_type=\"widget\" data-e-type=\"widget\" data-widget_type=\"spacer.default\">\n\t\t\t\t<div class=\"elementor-widget-container\">\n\t\t\t\t\t\t\t<div class=\"elementor-spacer\">\n\t\t\t<div class=\"elementor-spacer-inner\"><\/div>\n\t\t<\/div>\n\t\t\t\t\t\t<\/div>\n\t\t\t\t<\/div>\n\t\t\t\t<div class=\"elementor-element elementor-element-b981691 elementor-widget elementor-widget-text-editor\" data-id=\"b981691\" data-element_type=\"widget\" data-e-type=\"widget\" data-widget_type=\"text-editor.default\">\n\t\t\t\t<div class=\"elementor-widget-container\">\n\t\t\t\t\t\t\t\t\t<h2 style=\"text-align: center;\">Ambientadores Mikado<\/h2><h2 class=\"et_pb_module_header\" style=\"text-align: center;\">Crea ambientes \u00fanicos con nuestros aromas.<\/h2><h4 style=\"text-align: center;\">El ambientador Mikado perfuma\u00a0 de una manera natural, ya que no consume ning\u00fan tipo de energ\u00eda.<\/h4><h4 style=\"text-align: center;\"><span class=\"ILfuVd\" lang=\"es\"><span class=\"hgKElc\">En circunstancias normales, un <b>mikado<\/b> de 100 ml, <b>dura<\/b> entre uno y tres meses. Nuestro \u00faltimo consejo es que no lo coloques en la parte superior de un armario, ya que de esa manera expandir\u00e1 peor su aroma que si lo pones en una estanter\u00eda a la altura de tus ojos, que es la altura ideal.<\/span><\/span><\/h4><h4 style=\"text-align: center;\">Es una alternativa decorativa frente a los ambientadores tradicionales.<\/h4><h4 style=\"text-align: center;\">Las varitas de fibra evaporan el aroma y al contacto con el aire lo propagan por el ambiente.<\/h4><h4 style=\"text-align: center;\">Este tipo de ambientador tiene la capacidad de reinventar el disfrute en cada espacio creando espacios de acogida y transport\u00e1ndote a aquellos lugares que te proporcionan paz y tranquilidad.<\/h4><h4 style=\"text-align: center;\">El complemento perfecto y sofisticado para decorar y perfumar tu hogar.<\/h4><h4 style=\"text-align: center;\">Estas varillas est\u00e1n fabricadas con una fibra que permite que la fragancia contenida en el envase vaya ambientando un espacio de manera progresiva. El perfume, se difunde de manera natural.<\/h4><div id=\"simple-translate\" class=\"simple-translate-system-theme\"><div><div class=\"simple-translate-button isShow\" style=\"background-image: url('chrome-extension:\/\/cllnohpbfenopiakdcjmjcbaeapmkcdl\/icons\/512.png'); height: 22px; width: 22px; top: 316px; left: 291px;\">\u00a0<\/div><div class=\"simple-translate-panel \" style=\"width: 300px; height: 200px; top: 0px; left: 0px; font-size: 13px;\"><div class=\"simple-translate-result-wrapper\" style=\"overflow: hidden;\"><div class=\"simple-translate-move\" draggable=\"true\">\u00a0<\/div><div class=\"simple-translate-result-contents\"><p class=\"simple-translate-result\" dir=\"auto\">\u00a0<\/p><p class=\"simple-translate-candidate\" dir=\"auto\">\u00a0<\/p><\/div><\/div><\/div><\/div><\/div>\t\t\t\t\t\t\t\t<\/div>\n\t\t\t\t<\/div>\n\t\t\t\t<div class=\"elementor-element elementor-element-26a3bb4 elementor-widget elementor-widget-spacer\" data-id=\"26a3bb4\" data-element_type=\"widget\" data-e-type=\"widget\" data-widget_type=\"spacer.default\">\n\t\t\t\t<div class=\"elementor-widget-container\">\n\t\t\t\t\t\t\t<div class=\"elementor-spacer\">\n\t\t\t<div class=\"elementor-spacer-inner\"><\/div>\n\t\t<\/div>\n\t\t\t\t\t\t<\/div>\n\t\t\t\t<\/div>\n\t\t\t\t\t<\/div>\n\t\t\t\t<\/div>\n\t\t\t\t<\/div>\n\t\t","protected":false},"excerpt":{"rendered":"<p>Ambientadores Ambientadores Mikado Crea ambientes \u00fanicos con nuestros aromas. El ambientador Mikado perfuma\u00a0 de una manera natural, ya que no consume ning\u00fan tipo de energ\u00eda. En circunstancias normales, un mikado de 100 ml, dura entre uno y tres meses. Nuestro \u00faltimo consejo es que no lo coloques en la parte superior de un armario, ya &#8230; <a title=\"Ambientadores\" class=\"read-more\" href=\"https:\/\/perfumesdetentacion.com\/index.php\/ambientadores-mikados\/\" aria-label=\"Leer m\u00e1s sobre Ambientadores\">Leer m\u00e1s<\/a><\/p>\n","protected":false},"author":1,"featured_media":0,"parent":0,"menu_order":0,"comment_status":"closed","ping_status":"closed","template":"elementor_header_footer","meta":{"footnotes":""},"class_list":["post-505","page","type-page","status-publish"],"yoast_head":"<!-- This site is optimized with the Yoast SEO plugin v27.3 - https:\/\/yoast.com\/product\/yoast-seo-wordpress\/ -->\n<title>Ambientadores - Perfumes de Tentaci\u00f3n<\/title>\n<meta name=\"description\" content=\"El ambientador Mikado perfuma de una manera natural, crea ambientes \u00fanicos con nuestra gran variedad de aromas. Mikados de calidad.\" \/>\n<meta name=\"robots\" content=\"index, follow, max-snippet:-1, max-image-preview:large, max-video-preview:-1\" \/>\n<link rel=\"canonical\" href=\"https:\/\/perfumesdetentacion.com\/index.php\/ambientadores-mikados\/\" \/>\n<meta property=\"og:locale\" content=\"es_ES\" \/>\n<meta property=\"og:type\" content=\"article\" \/>\n<meta property=\"og:title\" content=\"Ambientadores - Perfumes de Tentaci\u00f3n\" \/>\n<meta property=\"og:description\" content=\"El ambientador Mikado perfuma de una manera natural, crea ambientes \u00fanicos con nuestra gran variedad de aromas. Mikados de calidad.\" \/>\n<meta property=\"og:url\" content=\"https:\/\/perfumesdetentacion.com\/index.php\/ambientadores-mikados\/\" \/>\n<meta property=\"og:site_name\" content=\"Perfumes de Tentaci\u00f3n\" \/>\n<meta property=\"article:publisher\" content=\"https:\/\/www.facebook.com\/PerfumesdeTentacion\/\" \/>\n<meta property=\"article:modified_time\" content=\"2024-03-23T14:11:27+00:00\" \/>\n<meta property=\"og:image\" content=\"https:\/\/perfumesdetentacion.com\/wp-content\/uploads\/2024\/03\/poner-buena-rosa-1.jpg\" \/>\n<meta name=\"twitter:card\" content=\"summary_large_image\" \/>\n<meta name=\"twitter:label1\" content=\"Tiempo de lectura\" \/>\n\t<meta name=\"twitter:data1\" content=\"2 minutos\" \/>\n<script type=\"application\/ld+json\" class=\"yoast-schema-graph\">{\"@context\":\"https:\\\/\\\/schema.org\",\"@graph\":[{\"@type\":\"WebPage\",\"@id\":\"https:\\\/\\\/perfumesdetentacion.com\\\/index.php\\\/ambientadores-mikados\\\/\",\"url\":\"https:\\\/\\\/perfumesdetentacion.com\\\/index.php\\\/ambientadores-mikados\\\/\",\"name\":\"Ambientadores - Perfumes de Tentaci\u00f3n\",\"isPartOf\":{\"@id\":\"https:\\\/\\\/perfumesdetentacion.com\\\/#website\"},\"primaryImageOfPage\":{\"@id\":\"https:\\\/\\\/perfumesdetentacion.com\\\/index.php\\\/ambientadores-mikados\\\/#primaryimage\"},\"image\":{\"@id\":\"https:\\\/\\\/perfumesdetentacion.com\\\/index.php\\\/ambientadores-mikados\\\/#primaryimage\"},\"thumbnailUrl\":\"https:\\\/\\\/perfumesdetentacion.com\\\/wp-content\\\/uploads\\\/2024\\\/03\\\/poner-buena-rosa-1.jpg\",\"datePublished\":\"2024-03-01T22:43:23+00:00\",\"dateModified\":\"2024-03-23T14:11:27+00:00\",\"description\":\"El ambientador Mikado perfuma de una manera natural, crea ambientes \u00fanicos con nuestra gran variedad de aromas. Mikados de calidad.\",\"breadcrumb\":{\"@id\":\"https:\\\/\\\/perfumesdetentacion.com\\\/index.php\\\/ambientadores-mikados\\\/#breadcrumb\"},\"inLanguage\":\"es\",\"potentialAction\":[{\"@type\":\"ReadAction\",\"target\":[\"https:\\\/\\\/perfumesdetentacion.com\\\/index.php\\\/ambientadores-mikados\\\/\"]}]},{\"@type\":\"ImageObject\",\"inLanguage\":\"es\",\"@id\":\"https:\\\/\\\/perfumesdetentacion.com\\\/index.php\\\/ambientadores-mikados\\\/#primaryimage\",\"url\":\"https:\\\/\\\/perfumesdetentacion.com\\\/wp-content\\\/uploads\\\/2024\\\/03\\\/poner-buena-rosa-1.jpg\",\"contentUrl\":\"https:\\\/\\\/perfumesdetentacion.com\\\/wp-content\\\/uploads\\\/2024\\\/03\\\/poner-buena-rosa-1.jpg\",\"width\":785,\"height\":717},{\"@type\":\"BreadcrumbList\",\"@id\":\"https:\\\/\\\/perfumesdetentacion.com\\\/index.php\\\/ambientadores-mikados\\\/#breadcrumb\",\"itemListElement\":[{\"@type\":\"ListItem\",\"position\":1,\"name\":\"Portada\",\"item\":\"https:\\\/\\\/perfumesdetentacion.com\\\/\"},{\"@type\":\"ListItem\",\"position\":2,\"name\":\"Ambientadores\"}]},{\"@type\":\"WebSite\",\"@id\":\"https:\\\/\\\/perfumesdetentacion.com\\\/#website\",\"url\":\"https:\\\/\\\/perfumesdetentacion.com\\\/\",\"name\":\"Perfumes de Tentaci\u00f3n\",\"description\":\"Perfumes de Equivalencia de buena calidad al mejor precio.\",\"publisher\":{\"@id\":\"https:\\\/\\\/perfumesdetentacion.com\\\/#organization\"},\"alternateName\":\"Perfumes de Equivalencia\",\"potentialAction\":[{\"@type\":\"SearchAction\",\"target\":{\"@type\":\"EntryPoint\",\"urlTemplate\":\"https:\\\/\\\/perfumesdetentacion.com\\\/?s={search_term_string}\"},\"query-input\":{\"@type\":\"PropertyValueSpecification\",\"valueRequired\":true,\"valueName\":\"search_term_string\"}}],\"inLanguage\":\"es\"},{\"@type\":\"Organization\",\"@id\":\"https:\\\/\\\/perfumesdetentacion.com\\\/#organization\",\"name\":\"Perfumes de Tentaci\u00f3n\",\"url\":\"https:\\\/\\\/perfumesdetentacion.com\\\/\",\"logo\":{\"@type\":\"ImageObject\",\"inLanguage\":\"es\",\"@id\":\"https:\\\/\\\/perfumesdetentacion.com\\\/#\\\/schema\\\/logo\\\/image\\\/\",\"url\":\"https:\\\/\\\/perfumesdetentacion.com\\\/wp-content\\\/uploads\\\/2024\\\/03\\\/pizap.jpg\",\"contentUrl\":\"https:\\\/\\\/perfumesdetentacion.com\\\/wp-content\\\/uploads\\\/2024\\\/03\\\/pizap.jpg\",\"width\":885,\"height\":477,\"caption\":\"Perfumes de Tentaci\u00f3n\"},\"image\":{\"@id\":\"https:\\\/\\\/perfumesdetentacion.com\\\/#\\\/schema\\\/logo\\\/image\\\/\"},\"sameAs\":[\"https:\\\/\\\/www.facebook.com\\\/PerfumesdeTentacion\\\/\"]}]}<\/script>\n<!-- \/ Yoast SEO plugin. -->","yoast_head_json":{"title":"Ambientadores - Perfumes de Tentaci\u00f3n","description":"El ambientador Mikado perfuma de una manera natural, crea ambientes \u00fanicos con nuestra gran variedad de aromas. Mikados de calidad.","robots":{"index":"index","follow":"follow","max-snippet":"max-snippet:-1","max-image-preview":"max-image-preview:large","max-video-preview":"max-video-preview:-1"},"canonical":"https:\/\/perfumesdetentacion.com\/index.php\/ambientadores-mikados\/","og_locale":"es_ES","og_type":"article","og_title":"Ambientadores - Perfumes de Tentaci\u00f3n","og_description":"El ambientador Mikado perfuma de una manera natural, crea ambientes \u00fanicos con nuestra gran variedad de aromas. Mikados de calidad.","og_url":"https:\/\/perfumesdetentacion.com\/index.php\/ambientadores-mikados\/","og_site_name":"Perfumes de Tentaci\u00f3n","article_publisher":"https:\/\/www.facebook.com\/PerfumesdeTentacion\/","article_modified_time":"2024-03-23T14:11:27+00:00","og_image":[{"url":"https:\/\/perfumesdetentacion.com\/wp-content\/uploads\/2024\/03\/poner-buena-rosa-1.jpg","type":"","width":"","height":""}],"twitter_card":"summary_large_image","twitter_misc":{"Tiempo de lectura":"2 minutos"},"schema":{"@context":"https:\/\/schema.org","@graph":[{"@type":"WebPage","@id":"https:\/\/perfumesdetentacion.com\/index.php\/ambientadores-mikados\/","url":"https:\/\/perfumesdetentacion.com\/index.php\/ambientadores-mikados\/","name":"Ambientadores - Perfumes de Tentaci\u00f3n","isPartOf":{"@id":"https:\/\/perfumesdetentacion.com\/#website"},"primaryImageOfPage":{"@id":"https:\/\/perfumesdetentacion.com\/index.php\/ambientadores-mikados\/#primaryimage"},"image":{"@id":"https:\/\/perfumesdetentacion.com\/index.php\/ambientadores-mikados\/#primaryimage"},"thumbnailUrl":"https:\/\/perfumesdetentacion.com\/wp-content\/uploads\/2024\/03\/poner-buena-rosa-1.jpg","datePublished":"2024-03-01T22:43:23+00:00","dateModified":"2024-03-23T14:11:27+00:00","description":"El ambientador Mikado perfuma de una manera natural, crea ambientes \u00fanicos con nuestra gran variedad de aromas. Mikados de calidad.","breadcrumb":{"@id":"https:\/\/perfumesdetentacion.com\/index.php\/ambientadores-mikados\/#breadcrumb"},"inLanguage":"es","potentialAction":[{"@type":"ReadAction","target":["https:\/\/perfumesdetentacion.com\/index.php\/ambientadores-mikados\/"]}]},{"@type":"ImageObject","inLanguage":"es","@id":"https:\/\/perfumesdetentacion.com\/index.php\/ambientadores-mikados\/#primaryimage","url":"https:\/\/perfumesdetentacion.com\/wp-content\/uploads\/2024\/03\/poner-buena-rosa-1.jpg","contentUrl":"https:\/\/perfumesdetentacion.com\/wp-content\/uploads\/2024\/03\/poner-buena-rosa-1.jpg","width":785,"height":717},{"@type":"BreadcrumbList","@id":"https:\/\/perfumesdetentacion.com\/index.php\/ambientadores-mikados\/#breadcrumb","itemListElement":[{"@type":"ListItem","position":1,"name":"Portada","item":"https:\/\/perfumesdetentacion.com\/"},{"@type":"ListItem","position":2,"name":"Ambientadores"}]},{"@type":"WebSite","@id":"https:\/\/perfumesdetentacion.com\/#website","url":"https:\/\/perfumesdetentacion.com\/","name":"Perfumes de Tentaci\u00f3n","description":"Perfumes de Equivalencia de buena calidad al mejor precio.","publisher":{"@id":"https:\/\/perfumesdetentacion.com\/#organization"},"alternateName":"Perfumes de Equivalencia","potentialAction":[{"@type":"SearchAction","target":{"@type":"EntryPoint","urlTemplate":"https:\/\/perfumesdetentacion.com\/?s={search_term_string}"},"query-input":{"@type":"PropertyValueSpecification","valueRequired":true,"valueName":"search_term_string"}}],"inLanguage":"es"},{"@type":"Organization","@id":"https:\/\/perfumesdetentacion.com\/#organization","name":"Perfumes de Tentaci\u00f3n","url":"https:\/\/perfumesdetentacion.com\/","logo":{"@type":"ImageObject","inLanguage":"es","@id":"https:\/\/perfumesdetentacion.com\/#\/schema\/logo\/image\/","url":"https:\/\/perfumesdetentacion.com\/wp-content\/uploads\/2024\/03\/pizap.jpg","contentUrl":"https:\/\/perfumesdetentacion.com\/wp-content\/uploads\/2024\/03\/pizap.jpg","width":885,"height":477,"caption":"Perfumes de Tentaci\u00f3n"},"image":{"@id":"https:\/\/perfumesdetentacion.com\/#\/schema\/logo\/image\/"},"sameAs":["https:\/\/www.facebook.com\/PerfumesdeTentacion\/"]}]}},"_links":{"self":[{"href":"https:\/\/perfumesdetentacion.com\/index.php\/wp-json\/wp\/v2\/pages\/505","targetHints":{"allow":["GET"]}}],"collection":[{"href":"https:\/\/perfumesdetentacion.com\/index.php\/wp-json\/wp\/v2\/pages"}],"about":[{"href":"https:\/\/perfumesdetentacion.com\/index.php\/wp-json\/wp\/v2\/types\/page"}],"author":[{"embeddable":true,"href":"https:\/\/perfumesdetentacion.com\/index.php\/wp-json\/wp\/v2\/users\/1"}],"replies":[{"embeddable":true,"href":"https:\/\/perfumesdetentacion.com\/index.php\/wp-json\/wp\/v2\/comments?post=505"}],"version-history":[{"count":37,"href":"https:\/\/perfumesdetentacion.com\/index.php\/wp-json\/wp\/v2\/pages\/505\/revisions"}],"predecessor-version":[{"id":894,"href":"https:\/\/perfumesdetentacion.com\/index.php\/wp-json\/wp\/v2\/pages\/505\/revisions\/894"}],"wp:attachment":[{"href":"https:\/\/perfumesdetentacion.com\/index.php\/wp-json\/wp\/v2\/media?parent=505"}],"curies":[{"name":"wp","href":"https:\/\/api.w.org\/{rel}","templated":true}]}}